1012212
In base 16, what is 2622394 - 3?
2622391
In base 8, what is -35507 + 1623?
-33664
In base 2, what is -1100101110001001001 - -1?
-1100101110001001000
In base 10, what is 13 + -991261?
-991248
In base 8, what is 10227 - -3254?
13503
In base 14, what is 42 + -244c0b?
-244ba9
In base 2, what is -111000101001011001 + 110111?
-111000101000100010
In base 16, what is d26a7 - -9?
d26b0
In base 11, what is -112680 - 1489?
-114059
In base 10, what is -8312577 - 221?
-8312798
In base 15, what is 3 + 8b8204c?
8b82050
In base 11, what is 3 + -749431?
-749429
In base 10, what is 45316 + 593?
45909
In base 9, what is 13218406 + 0?
13218406
In base 3, what is 1111112120102212 - 12?
1111112120102200
In base 7, what is 5352 + -2335?
3014
In base 9, what is 5416152 - 278?
5415763
In base 15, what is 3 + 22e922?
22e925
In base 13, what is 11cb + 684?
1882
In base 2, what is 1100001100011101110100111100 - -100?
1100001100011101110101000000
In base 10, what is -3270654 + 5?
-3270649
In base 11, what is -1 - 111431333?
-111431334
In base 9, what is -502531 - -247?
-502273
In base 4, what is 113101232130 + 12?
113101232202
In base 11, what is -35a2243 - -2?
-35a2241
In base 8, what is 6 + -53002444?
-53002436
In base 13, what is c5 + -37197?
-370a2
In base 3, what is 212001022212 - -1100?
212001101012
In base 7, what is 36 - 102445?
-102406
In base 15, what is 13 - -18e262a?
18e263d
In base 16, what is ea1 - -1d8d?
2c2e
In base 12, what is -5 - 38840a?
-388413
In base 14, what is -15 + -200d3?
-20108
In base 10, what is 3 + -56089223?
-56089220
In base 3, what is 112012 - 10012121011?
-10012001222
In base 6, what is 1 + -11455050?
-11455045
In base 9, what is 752283 + -366?
751816
In base 7, what is -2612 + 54214?
51302
In base 8, what is 545 + 362140?
362705
In base 3, what is -2201 - -12011010201?
12011001000
In base 13, what is 44a2c4 - 0?
44a2c4
In base 2, what is -11 + 10101011110110011101001110?
10101011110110011101001011
In base 6, what is 4532215 - -1220?
4533435
In base 10, what is 31444804 - 1?
31444803
In base 12, what is -101430 + -b36?
-102366
In base 16, what is -24bec7 - -8f?
-24be38
In base 2, what is -1011111001100 + -101001011?
-1100100010111
In base 5, what is 14 + -141213330323?
-141213330304
In base 15, what is -b08 - 1c615?
-1d21d
In base 10, what is -2 + -355025?
-355027
In base 6, what is 152 + 32535144?
32535340
In base 13, what is 4 - -99cccb?
9a0002
In base 3, what is 11 + 11221102121221?
11221102122002
In base 15, what is -111d + -18e14?
-1a032
In base 3, what is 102202220001 + 1110?
102202221111
In base 10, what is 277 + -67716?
-67439
In base 2, what is 1110110111011000 + -1111010?
1110110101011110
In base 3, what is 10222012111112200 + 11?
10222012111112211
In base 16, what is b - 314739b?
-3147390
In base 11, what is -38 - -171061?
171024
In base 15, what is 4 + 388452?
388456
In base 7, what is 1204 - -1014506?
1016013
In base 5, what is 2233 - 411123032?
-411120244
In base 11, what is -978 - 22167a?
-222547
In base 13, what is 84612a + 11?
84613b
In base 13, what is -3682883 + 26?
-368285a
In base 5, what is 14342 + 101321?
121213
In base 10, what is -242 + 67890?
67648
In base 16, what is -56ad - e76?
-6523
In base 10, what is 6841379 - -5?
6841384
In base 9, what is 82168 - 241?
81827
In base 12, what is -4 - -13036822?
1303681a
In base 3, what is -12002112001 + -22000?
-12002211001
In base 9, what is 686 + -84212?
-83415
In base 2, what is -101100001000111110011001010 + 10?
-101100001000111110011001000
In base 10, what is -3900052 - 110?
-3900162
In base 14, what is -122 - 413a3?
-414c5
In base 13, what is b47a39 - 1a?
b47a1c
In base 4, what is -2 - -1013013322123?
1013013322121
In base 8, what is 3 + -145536241?
-145536236
In base 10, what is 4278 - 26882?
-22604
In base 11, what is 15a8245 + -4?
15a8241
In base 10, what is -89191057 - 5?
-89191062
In base 12, what is 9459 + -86a2?
977
In base 16, what is 0 + 2b25b9?
2b25b9
In base 5, what is 4 + -1404403233?
-1404403224
In base 12, what is 13 + 96a201?
96a214
In base 16, what is -59af54 - 0?
-59af54
In base 13, what is 3 + 49ca05?
49ca08
In base 3, what is 12010002202020 + 2?
12010002202022
In base 14, what is 5 + 46b35c?
46b363
In base 9, what is 2 - -81513200?
81513202
In base 6, what is -154305225 + -31?
-154305300
In base 7, what is -1013 + 116230?
115214
In base 3, what is -221 + -201001201011?
-201001202002
In base 9, what is -3 - -87537211?
87537207
In base 12, what is -b58 + 13ba?
462
In base 16, what is -2d36 + 1e9?
-2b4d
In base 13, what is 2ca6a889 - -5?
2ca6a891
In base 16, what is -3334b5 - -8?
-3334ad
In base 7, what is -36 - 20346411?
-20346450
In base 4, what is -2 - -21331330131?
21331330123
In base 10, what is -126746095 + 0?
-126746095
In base 10, what is 7 - -3159833?
3159840
In base 8, what is 2 + 33614445?
33614447
In base 16, what is c + -87e0f?
-87e03
In base 13, what is 109 - -31506?
31612
In base 2, what is 111011011110111 - -101101?
111011100100100
In base 2, what is -1110000110101111111 + 111?
-1110000110101111000
In base 4, what is 1301 - -12122131220?
12122133121
In base 2, what is 101 - 11111000010011000011100001?
-11111000010011000011011100
In base 11, what is 15170 - 37?
15134
In base 2, what is 1101000001 - 1001100100101000011?
-1001100011000000010
In base 13, what is -3738280 - 4?
-3738284
In base 12, what is -4 - -18942293?
1894228b
In base 10, what is 10109807 - 9?
10109798
In base 16, what is -4 + 48ade3?
48addf
In base 4, what is 10300320203 - 1?
10300320202
In base 11, what is -1364 - -27224?
25970
In base 5, what is 10 - -404231024423?
404231024433
In base 16, what is -4 + a2b2c?
a2b28
In base 14, what is -1474c + -3a6?
-14b14
In base 15, what is -1 + -61731a1?
-61731a2
In base 5, what is 10 - 231322214010?
-231322214000
In base 2, what is -10011110001101010110101011010 + 0?
-10011110001101010110101011010
In base 14, what is 200 + -8026?
-7c26
In base 5, what is -1403202221 - 331?
-1403203102
In base 16, what is -45eb43 - -3?
-45eb40
In base 5, what is 3404103 + 32?
3404140
In base 15, what is -145024 - 36?
-14505a
In base 3, what is -211222222 + -210102?
-212210101
In base 12, what is -46b932 - a?
-46b940
In base 10, what is -13462745 - -29?
-13462716
In base 14, what is 900 - 6116?
-5616
In base 8, what is -16124 - -22733?
4607
In base 3, what is 120202100101 - -11?
120202100112
In base 16, what is 413 - b23?
-710
In base 2, what is -1001100010 - 11011011010100011100?
-11011011011101111110
In base 15, what is 2 - 8b3d66c?
-8b3d66a
In base 12, what is -1b - 1b7b73a?
-1b7b759
In base 6, what is 4 + 1314255233?
1314255241
In base 4, what is 3 - -33322022301?
33322022310
In base 6, what is 34 - 243445434?
-243445400
In base 4, what is -3122 - -13120002?
13110220
In base 6, what is -32144011 + 50?
-32143521
In base 9, what is -5 - -10120628?
10120623
In base 13, what is -1389a2 - -33?
-13896c
In base 6, what is -115334 + 55510?
-15424
In base 6, what is 125034 - -151021?
320055
In base 11, what is 28a6678 + -1?
28a6677
In base 13, what is 383510 + 5a?
38356a
In base 16, what is -55d7a - -1?
-55d79
In base 10, what is -43 - 2541040?
-2541083
In base 14, what is -130 + 6a903?
6a7b3
In base 2, what is -10 - -1001110010000110110111?
1001110010000110110101
In base 8, what is -1161751 + -1641?
-1163612
In base 8, what is -4 + -13621121?
-13621125
In base 2, what is 101 + -11010001101100000000?
-11010001101011111011
In base 15, what is 6dbb1 - -c4?
6dc85
In base 8, what is 42506 + 10214?
52722
In base 8, what is -3234116747 + -4?
-3234116753
In base 2, what is -101011111101001 + -11011001101?
-101111010110110
In base 11, what is 39279 + a7?
39375
In base 15, what is 27 - 74abde?
-74abb7
In base 8, what is 4 + 25101247?
25101253
In base 10, what is -48 + -15145176?
-15145224
In base 2, what is 10111001001111100101000110101 - 1?
10111001001111100101000110100
In base 5, what is -32411 + -3203240?
-3241201
In base 4, what is -10 + 32223312223?
32223312213
In base 14, what is -398 + -ab2c?
-b0c6
In base 3, what is 1102222122101 + -11?
1102222122020
In base 3, what is -1120012210110022 - 1?
-1120012210110100
In base 5, what is -3 - 1202131120?
-1202131123
In base 12, what is -5599b - 34?
-55a13
In base 3, what is 1120001120 + -2021?
111222202